t of 35895413?
3
What is the millions digit of 1263735?
1
What is the thousands digit of 3768599?
8
What is the units digit of 313774?
4
What is the ten thousands digit of 76484?
7
What is the units digit of 692120?
0
What is the millions digit of 9055752?
9
What is the ten thousands digit of 243203?
4
What is the hundreds digit of 214342?
3
What is the units digit of 13046525?
5
What is the hundreds digit of 3500664?
6
What is the units digit of 2525404?
4
What is the units digit of 29953?
3
What is the millions digit of 1037555?
1
What is the ten thousands digit of 673127?
7
What is the hundreds digit of 319932?
9
What is the millions digit of 28200963?
8
What is the tens digit of 68792?
9
What is the ten thousands digit of 5200985?
0
What is the hundreds digit of 845810?
8
What is the units digit of 5384717?
7
What is the thousands digit of 9280147?
0
What is the thousands digit of 8810410?
0
What is the hundreds digit of 1854744?
7
What is the hundreds digit of 167711?
7
What is the hundred thousands digit of 2670101?
6
What is the hundreds digit of 62081?
0
What is the hundred thousands digit of 2818237?
8
What is the hundred thousands digit of 4522632?
5
What is the millions digit of 3990301?
3
What is the ten thousands digit of 1600111?
0
What is the units digit of 361405?
5
What is the hundred thousands digit of 19156445?
1
What is the hundreds digit of 2912644?
6
What is the hundred thousands digit of 185211?
1
What is the thousands digit of 8030872?
0
What is the millions digit of 3806394?
3
What is the hundreds digit of 5160026?
0
What is the units digit of 559128?
8
What is the units digit of 3844797?
7
What is the ten thousands digit of 4843450?
4
What is the units digit of 2558003?
3
What is the tens digit of 281680?
8
What is the ten thousands digit of 5086307?
8
What is the thousands digit of 44372?
4
What is the millions digit of 11793082?
1
What is the units digit of 20943310?
0
What is the tens digit of 510939?
3
What is the thousands digit of 5465058?
5
What is the thousands digit of 462407?
2
What is the hundreds digit of 2220883?
8
What is the hundred thousands digit of 1187750?
1
What is the units digit of 7979713?
3
What is the tens digit of 60776?
7
What is the tens digit of 3026947?
4
What is the units digit of 376850?
0
What is the thousands digit of 39809?
9
What is the hundreds digit of 867350?
3
What is the ten thousands digit of 12921062?
2
What is the ten millions digit of 19685084?
1
What is the millions digit of 5112985?
5
What is the millions digit of 4698637?
4
What is the ten thousands digit of 1123520?
2
What is the hundreds digit of 100873?
8
What is the tens digit of 140264?
6
What is the thousands digit of 389655?
9
What is the units digit of 315067?
7
What is the tens digit of 1493562?
6
What is the hundred thousands digit of 594031?
5
What is the thousands digit of 14081146?
1
What is the hundreds digit of 1072458?
4
What is the tens digit of 651524?
2
What is the ten thousands digit of 226861?
2
What is the thousands digit of 140414?
0
What is the millions digit of 3040222?
3
What is the thousands digit of 10279840?
9
What is the thousands digit of 28982216?
2
What is the tens digit of 401005?
0
What is the millions digit of 16699255?
6
What is the hundreds digit of 12502531?
5
What is the units digit of 95643?
3
What is the hundred thousands digit of 24931630?
9
What is the tens digit of 13271853?
5
What is the hundred thousands digit of 2434592?
4
What is the hundred thousands digit of 4626380?
6
What is the thousands digit of 59923?
9
What is the thousands digit of 354843?
4
What is the ten thousands digit of 211165?
1
What is the units digit of 2503886?
6
What is the tens digit of 404284?
8
What is the units digit of 137179?
9
What is the ten thousands digit of 171773?
7
What is the ten thousands digit of 1334724?
3
What is the millions digit of 4102434?
4
What is the hundreds digit of 515048?
0
What is the tens digit of 6694145?
4
What is the tens digit of 1320103?
0
What is the units digit of 18047716?
6
What is the hundreds digit of 1054823?
8
What is the thousands digit of 155250?
5
What is the tens digit of 28497?
9
What is the units digit of 137207?
7
What is the hundred thousands digit of 538623?
5
What is the millions digit of 1092983?
1
What is the ten thousands digit of 3687336?
8
What is the ten thousands digit of 923122?
2
What is the units digit of 224937?
7
What is the units digit of 19291041?
1
What is the thousands digit of 471544?
1
What is the thousands digit of 110824?
0
What is the ten thousands digit of 740863?
4
What is the ten thousands digit of 2904866?
0
What is the hundred thousands digit of 169472?
1
What is the hundred thousands digit of 1643865?
6
What is the hundred thousands digit of 127094?
1
What is the hundred thousands digit of 4840758?
8
What is the thousands digit of 7750099?
0
What is the hundred thousands digit of 382218?
3
What is the hundred thousands digit of 1270686?
2
What is the ten thousands digit of 40343?
4
What is the units digit of 914046?
6
What is the hundred thousands digit of 1213843?
2
What is the thousands digit of 131234?
1
What is the units digit of 255584?
4
What is the tens digit of 204827?
2
What is the thousands digit of 6054931?
4
What is the hundred thousands digit of 3232322?
2
What is the hundreds digit of 4330739?
7
What is the hundreds digit of 645950?
9
What is the thousands digit of 2260086?
0
What is the thousands digit of 2331676?
1
What is the ten thousands digit of 438437?
3
What is the thousands digit of 107265?
7
What is the ten thousands digit of 293996?
9
What is the ten thousands digit of 466931?
6
What is the hundred thousands digit of 287437?
2
What is the units digit of 436143?
3
What is the hundred thousands digit of 394879?
3
What is the ten thousands digit of 6960388?
6
What is the thousands digit of 508013?
8
What is the units digit of 33355?
5
What is the ten thousands digit of 15847618?
4
What is the thousands digit of 5511?
5
What is the ten thousands digit of 7689191?
8
What is the ten thousands digit of 51238?
5
What is the units digit of 160922?
2
What is the hundred thousands digit of 1171374?
1
What is the ten thousands digit of 3671133?
7
What is the tens digit of 5229627?
2
What is the tens digit of 1776987?
8
What is the units digit of 3673348?
8
What is the hundred thousands digit of 257128?
2
What is the thousands digit of 62043?
2
What is the units digit of 320929?
9
What is the thousands digit of 271255?
1
What is the ten thousands digit of 16464389?
6
What is the units digit of 4452455?
5
What is the units digit of 302442?
2
What is the tens digit of 295944?
4
What is the thousands digit of 575608?
5
What is the thousands digit of 187831?
7
What is the tens digit of 30667052?
5
What is the tens digit of 656157?
5
What is the hundred thousands digit of 231215?
2
What is the tens digit of 867179?
7
What is the units digit of 596725?
5
What is the hundred thousands digit of 2501152?
5
What is the tens digit of 748175?
7
What is the hundreds digit of 117378?
3
What is the thousands digit of 4082860?
2
What is the millions digit of 7889027?
7
What is the tens digit of 8683617?
1
What is the units digit of 233548?
8
What is the ten thousands digit of 1645073?
4
What is the hundreds digit of 854874?
8
What is the hundreds digit of 255048?
0
What is the ten thousands digit of 774305?
7
What is the tens digit of 2386375?
7
What is the units digit of 2207351?
1
What is the thousands digit of 3021883?
1
What is the tens digit of 230149?
4
What is the units digit of 323411?
1
What is the tens digit of 5027243?
4
What is the hundred thousands digit of 348552?
3
What is the ten thousands digit of 13949418?
4
What is the ten thousands digit of 186334?
8
What is the hundred thousands digit of 4356745?
3
What is the thousands digit of 1593727?
3
What is the units digit of 3232726?
6
What is the thousands digit of 483446?
3
What is the ten thousands digit of 8677950?
7
What is the thousands digit of 1750668?
0
What is the millions digit of 1316928?
1
What is the thousands digit of 268115?
8
What is the ten thousands digit of 242703?
4
What is the units digit of 111129?
9
What is the ten thousands digit of 251